late the highest common divisor of 62 and j.
2
Let y(a) = 2*a**3 - 35*a**2 - 12*a - 34. Let q be y(18). What is the greatest common divisor of q and 259?
37
Suppose -3*j + 242 = -58. What is the greatest common divisor of 20 and j?
20
Suppose -n + 3*n = 28. Let v = 10 + n. Calculate the greatest common factor of 6 and v.
6
Let h be 4/((-51)/48 + 1). Let k = -37 - h. Let x = 337 + -94. Calculate the greatest common divisor of k and x.
27
Let x be 14/(-4)*(-24)/14. Suppose -x*d = -2*d - 8. Suppose -4*g = 2*t - 46, -79 = -t - d*t - 4*g. What is the greatest common factor of 3 and t?
3
Let u(q) = 23*q**2 - 4*q + 5. Let t be u(3). Calculate the greatest common factor of t and 75.
25
Let d(l) = -l**3 + 13*l**2 + 9*l + 76. Let t be d(14). Let a be (-4)/(-14) + 36/21. Calculate the greatest common factor of a and t.
2
Let i(y) = -y**3 - 63*y**2 - 292*y - 111. Let p be i(-58). Let n = -5 + 7. Calculate the highest common divisor of n and p.
1
Suppose -q + 3 = -9. Let s be 6 + (3 - (-3)/(-3)). Let r = 44 - s. Calculate the highest common divisor of q and r.
12
Let z be ((-4)/6)/(4/222). Let n be 2 - 4/1 - z. Calculate the greatest common factor of n and 7.
7
Suppose -5*z + 19 = -a - 0*a, 3*a + 9 = -z. Suppose 0*d + z*d = 42. Let g = -13 + 27. Calculate the greatest common divisor of d and g.
14
Let b(p) = p**3 - p**2 - 8*p + 8. Let j be b(6). Suppose -10*a - 308 = -21*a. Calculate the greatest common divisor of a and j.
28
Suppose 11*o = 3*o + 672. Let p = o - 48. Calculate the greatest common factor of 72 and p.
36
Let a(q) = 105*q**2 + 35*q + 73. Let w be a(-2). Calculate the highest common factor of w and 9.
9
Let o(n) be the first derivative of -n**4/4 + 11*n**3/3 - 8*n**2 - 12. Let c be o(9). Calculate the highest common divisor of 144 and c.
18
Let q(v) = v**2 - 1. Let w be q(0). Let n(h) = -6*h. Let m be n(w). Let g be (m*-1)/3 + 5. Calculate the highest common divisor of g and 15.
3
Let b(p) = 40*p**3 + 2*p**2 - 2*p + 1. Let v be b(1). Suppose 5*y - v = -11. Let c = -5 + 14. What is the highest common divisor of c and y?
3
Let p(m) = 1 - 24*m - 9 + 37*m + 33*m. Let b be p(2). Calculate the highest common divisor of 42 and b.
42
Let o(l) = l**2 + 8*l + 11. Let h be o(-9). Let r be ((-52)/8 + 4)*h. Let a = -35 - r. Calculate the highest common factor of a and 3.
3
Suppose 0 = 5*k - 9 - 1. Suppose -k = -w + 1. Suppose w*d = -2*x + 221, d - 5*x = -0*x + 85. What is the greatest common divisor of d and 30?
15
Let q be (8 + 22)*1/3. What is the greatest common divisor of 90 and q?
10
Let r = -85 - -117. What is the highest common factor of 12 and r?
4
Suppose -470 - 330 = -8*m. What is the greatest common divisor of m and 40?
20
Suppose 0 = 3*x + 16*x - 12103. What is the highest common factor of 49 and x?
49
Suppose -23 = -5*i + r + 37, -r = 0. Calculate the greatest common divisor of 912 and i.
12
Let p(u) = u**3 - 3*u**2 + 3*u - 5. Let z be p(3). Suppose -z*g + 8 = -24. Let x be 1 + g/(-2) + 75. What is the greatest common divisor of 8 and x?
8
Let d be (-2)/8 - (0 - 97/4). Let p(u) = -52*u + 12. Let i be p(-3). What is the highest common factor of i and d?
24
Let v(z) = -z**2 + 18*z + 1. Suppose -3*i + 7 = 4*w - 68, w - 14 = 4*i. Let n be v(w). What is the highest common divisor of 9 and n?
1
Suppose n - 36 = -0*n. Calculate the greatest common factor of n and 4.
4
Suppose -4*d + 92 = -22*r + 17*r, 5*r = -20. What is the greatest common divisor of d and 846?
18
Let s(n) = -4*n**2 + 32*n - 9. Let a be s(7). What is the greatest common factor of 133 and a?
19
Let j be 1/(78/24 + 2 - 5). Let a(y) = -2*y. Let m be a(-1). Suppose -m*z - 70 = -j*z. Calculate the highest common factor of 7 and z.
7
Suppose 720 = -2*a - a. Let v = a - -415. What is the highest common divisor of v and 25?
25
Suppose -4*f - 154 = -554. Let a be 775/f - 2/(-8). Let m = 22 - a. Calculate the greatest common divisor of m and 140.
14
Let g = 1427 + -1202. Calculate the highest common factor of 36 and g.
9
Suppose 3*g = -2*q + 25 - 4, -2*q + 3*g + 3 = 0. Suppose -q*a = 6 - 246. What is the greatest common divisor of 60 and a?
20
Let a = -1279 - -1351. Calculate the highest common divisor of a and 48.
24
Suppose -8 - 20 = -f. Suppose 1 = -k, 4*l = 3*k + 14 + 21. Let t be 2/l + f/16. Calculate the greatest common factor of t and 18.
2
Let o(u) = 22 + 1 - u + 5 - 5. Let n be o(9). What is the highest common divisor of n and 14?
14
Suppose -34 = -5*p + 46. Suppose 0 = 2*z - 2, 0 = -4*v - 3*z - 5 + 20. Suppose 0 = v*t - t - 160. Calculate the highest common factor of p and t.
16
Suppose 181 = -5*i - 764. Suppose -380 = 3*y - 2*b, 5*y + 2*b - b = -629. Let r = y - i. Calculate the greatest common factor of 7 and r.
7
Let c(a) = -a**2 + a + 19. Let h be c(-3). Calculate the greatest common divisor of 175 and h.
7
Suppose 12 = 5*m - 28. Let b = 2812 - 2772. What is the highest common divisor of b and m?
8
Suppose 0 = 74*a - 73*a - 350. What is the highest common divisor of 100 and a?
50
Let y(s) = s**2 - s - 8. Let a be y(4). Suppose -59 - 29 = -a*i. What is the highest common divisor of 176 and i?
22
Suppose 3*q - 2*x - 325 = 0, 3*x + 200 = 2*q + 5*x. What is the highest common divisor of 45 and q?
15
Let a = -11 - -13. Suppose a*y = -y + 6. Suppose -2*g = -y*h + 32, -3*h - 3*g + 56 = 2*h. Calculate the greatest common factor of h and 26.
13
Suppose -240 = -1190*l + 1180*l. What is the greatest common factor of l and 78?
6
Let a be (100/(-15) - -8)*(-81)/(-6). Let l be 1 + 0 - 11*-1. What is the highest common factor of l and a?
6
Let q(c) = 17*c**2 + 4*c + 4. Let j be q(-2). Let f = j + -20. What is the highest common divisor of 44 and f?
44
Let z = 69 - 36. Calculate the greatest common factor of z and 231.
33
Let t = 125 + 9. Suppose 0 = -4*n + l + t, 3*n + 0*n + 3*l = 93. Let r = n + -24. What is the highest common factor of 81 and r?
9
Let v = -35 - -7. Let g = 42 - v. Calculate the greatest common divisor of 28 and g.
14
Let r be ((2 + -2)/1)/2. Let n(v) = -v + 1. Let k be n(r). Let h be (-1 + 1/2)*-22. What is the highest common factor of h and k?
1
Let n(r) = -2*r**2 - 17*r - 16. Let l be n(-7). Let j be 16 + (-1)/(5/(-2))*l. Let f be -15*3*(-1)/1. Calculate the highest common factor of f and j.
9
Suppose -5*u - 2*p = -7*p - 105, -5*u = -4*p - 110. Let k = 32 - u. Suppose 3*m - 128 = -a - 43, a = -5. What is the greatest common factor of k and m?
6
Suppose p - 3626 = -6*y + y, -2*y + 1448 = p. What is the highest common factor of 66 and y?
66
Suppose -15*t + 31*t - 592 = 0. Calculate the greatest common factor of t and 703.
37
Suppose 7*w = 9*w + 10. Let u be (-918)/w + (-6)/(-15). Calculate the highest common factor of 23 and u.
23
Suppose -58 = -j - y, -4*y + 238 = 4*j - 3*y. Let q = 90 - j. What is the greatest common factor of q and 10?
10
Let b(m) = -2*m**2 - 98*m - 293. Let n be b(-45). What is the greatest common divisor of 201 and n?
67
Let d = -34 - -60. Let p be ((-1755)/(-225))/((-2)/(1 + -21)). Calculate the greatest common divisor of p and d.
26
Let w be (-10)/4 + 7/14 + 53. Suppose 4 = 4*b - 64. What is the greatest common divisor of w and b?
17
Suppose 0 = -1706*g + 1700*g + 6. What is the highest common factor of 41 and g?
1
Let d be (7/14)/(1/54*3). What is the highest common factor of 99 and d?
9
Let i = -1 - -9. Let s be 3/(-4) + 5 + (-86)/(-8). Suppose 0 = 7*f - 153 - s. What is the highest common divisor of i and f?
8
Let t(l) = l**3 + 19*l**2 + 13*l - 21. Let s be t(-17). Suppose 12*v + s = 16*v. Calculate the greatest common divisor of v and 12.
12
Suppose 2*v - 46 = -2*l, 2*v - 2*l - 31 - 11 = 0. Calculate the highest common factor of v and 319.
11
Suppose -156 = -4*v - b, 10 = 4*b + 26. Let t = 12 + -8. Let z be 21 - -1 - t/2. Calculate the highest common divisor of v and z.
20
Let d = -10 + 18. Suppose 0*j = j - d. Suppose -4*f = -12, -4*f = -i - i - j. Calculate the highest common factor of i and 2.
2
Let q be (280/3 - 0)*(26 + -23). Calculate the highest common divisor of q and 40.
40
Let f(u) be the second derivative of -u**4/6 + u**3/2 + 3*u**2/2 + 2*u. Let j be f(3). Let p be (24/j)/((-4)/6). What is the greatest common factor of p and 4?
2
Suppose 95 = 5*u - 45. Calculate the highest common divisor of 602 and u.
14
Suppose -8 = -w - 5*l, -l 